mber?
True
Is 31269071 a prime number?
True
Is 131407 a composite number?
True
Is 51674521 a prime number?
True
Is 268940351 a prime number?
True
Is 11462233 composite?
True
Is 1057181 composite?
False
Is 38214221 composite?
False
Is 490037 prime?
False
Is 1942581 a composite number?
True
Is 81336791 a prime number?
False
Is 12086069 prime?
False
Is 2416319 composite?
True
Is 4753699 a composite number?
True
Is 3659083 prime?
True
Is 122042023 a composite number?
False
Is 66016087 composite?
False
Is 33104563 composite?
False
Is 75431129 a prime number?
True
Is 134209681 prime?
True
Is 28128721 prime?
False
Is 419921 prime?
True
Is 9297251 a prime number?
False
Is 2247209 prime?
True
Is 1836281 composite?
True
Is 10958807 a prime number?
True
Is 97021 composite?
False
Is 39440971 prime?
True
Is 1362721 a prime number?
False
Is 3867587 composite?
False
Is 467538277 composite?
False
Is 2707841 composite?
False
Is 78399037 a prime number?
True
Is 2621197 a composite number?
False
Is 24366631 prime?
False
Is 20654633 composite?
True
Is 43509311 a composite number?
True
Is 74550529 prime?
True
Is 315113671 a prime number?
True
Is 389141 a composite number?
False
Is 46868867 composite?
False
Is 390134807 prime?
True
Is 54913289 prime?
True
Is 6178951 composite?
True
Is 17256637 composite?
True
Is 3230927 prime?
False
Is 104303 composite?
True
Is 470839987 a prime number?
True
Is 1492453 a composite number?
False
Is 3077017 a prime number?
False
Is 161735811 prime?
False
Is 53659835 composite?
True
Is 62199611 prime?
True
Is 7974013 prime?
False
Is 24135297 a composite number?
True
Is 77343223 a composite number?
False
Is 1627553 prime?
True
Is 6144641 composite?
True
Is 1308049 a prime number?
True
Is 291770377 composite?
False
Is 28244563 composite?
False
Is 343259 prime?
False
Is 19316323 prime?
False
Is 1599461 composite?
False
Is 70368989 a composite number?
True
Is 70490087 a composite number?
True
Is 16582309 prime?
True
Is 40531691 a prime number?
True
Is 2906333 a prime number?
True
Is 9832829 a composite number?
False
Is 21614357 a prime number?
True
Is 8969369 a prime number?
False
Is 467712013 a prime number?
True
Is 116898349 a composite number?
True
Is 2089441 prime?
True
Is 4348457 prime?
False
Is 325090061 prime?
True
Is 423977163 prime?
False
Is 7680577 a composite number?
True
Is 9964369 a prime number?
True
Is 791738663 prime?
True
Is 9739747 composite?
False
Is 2556226 a composite number?
True
Is 41382349 a prime number?
False
Is 413568145 a composite number?
True
Is 9114221 composite?
False
Is 1374173 prime?
True
Is 42703007 composite?
False
Is 7812373 prime?
False
Is 2044589 a prime number?
False
Is 1871971 a prime number?
False
Is 27685957 a composite number?
True
Is 23127053 a prime number?
True
Is 10362487 prime?
True
Is 180703483 prime?
True
Is 2567779 composite?
False
Is 23855869 composite?
False
Is 735982322 a composite number?
True
Is 19054253 a prime number?
False
Is 131095793 a prime number?
True
Is 548417 prime?
True
Is 177005714 a composite number?
True
Is 47438737 a composite number?
False
Is 2105981 a composite number?
True
Is 87840579 a prime number?
False
Is 51576631 composite?
True
Is 289446493 a composite number?
True
Is 130649347 a composite number?
False
Is 178831 composite?
False
Is 18554 a prime number?
False
Is 479059 a composite number?
True
Is 7931587 a composite number?
True
Is 28753253 a prime number?
True
Is 170446541 a prime number?
True
Is 5511403 composite?
False
Is 59972863 a prime number?
True
Is 13732171 a composite number?
True
Is 264633 prime?
False
Is 14130223 a composite number?
True
Is 131312939 a composite number?
False
Is 599341 prime?
True
Is 4016631 composite?
True
Is 618059 composite?
True
Is 51275291 composite?
False
Is 3839611 a composite number?
False
Is 1117391 prime?
False
Is 263190077 a prime number?
True
Is 532687 composite?
False
Is 1280023 a composite number?
False
Is 12564077 a prime number?
True
Is 19906451 a composite number?
False
Is 8804701 a prime number?
False
Is 106831717 a prime number?
True
Is 5223677 a composite number?
True
Is 64050461 a prime number?
True
Is 9469721 a prime number?
False
Is 263142079 a composite number?
True
Is 4491527 composite?
True
Is 5266461 prime?
False
Is 639985 a composite number?
True
Is 18888557 a prime number?
False
Is 22857449 composite?
True
Is 367522 composite?
True
Is 20559881 composite?
True
Is 10548217 prime?
False
Is 408991 a composite number?
True
Is 502667 prime?
False
Is 38776727 composite?
True
Is 9632339 composite?
False
Is 115274921 prime?
True
Is 36938611 prime?
False
Is 12358453 composite?
False
Is 157179017 a prime number?
True
Is 804179 composite?
False
Is 27868843 prime?
True
Is 20744167 composite?
False
Is 37131481 a prime number?
True
Is 4309187 a composite number?
False
Is 113263069 prime?
True
Is 20132603 a prime number?
True
Is 27338617 prime?
False
Is 376828531 prime?
True
Is 41352523 a prime number?
True
Is 147620581 prime?
False
Is 81442891 a composite number?
False
Is 36670511 prime?
True
Is 1732597 composite?
False
Is 13209277 composite?
True
Is 11999363 prime?
False
Is 11692349 prime?
False
Is 272643907 a prime number?
False
Is 1574431 a composite number?
False
Is 835699 a composite number?
True
Is 6127159 prime?
True
Is 61280267 composite?
False
Is 6934463 composite?
True
Is 22975429 prime?
True
Is 164943853 a prime number?
False
Is 1766387 composite?
True
Is 1950778 a prime number?
False
Is 126128957 a composite number?
False
Is 4288763 a prime number?
False
Is 505759 a prime number?
True
Is 160249207 a composite number?
False
Is 22313461 a prime number?
False
Is 364452065 a composite number?
True
Is 1385837813 composite?
False
Is 2673995 a prime number?
False
Is 12292501 composite?
True
Is 18905077 composite?
True
Is 496144343 a composite number?
True
Is 86703947 composite?
True
Is 406368643 a composite number?
False
Is 12283553 composite?
False
Is 102474971 a prime number?
False
Is 5918793 prime?
False
Is 74459059 a composite number?
True
Is 9456401 prime?
False
Is 6232319 composite?
True
Is 140741879 prime?
True
Is 62214221 a prime number?
True
Is 4425979 composite?
False
Is 37969202 a prime number?
False
Is 781271 a prime number?
True
Is 299639 composite?
True
Is 73571473 composite?
True
Is 3436139 prime?
False
Is 2260261 a prime number?
False
Is 9244273 a prime number?
False
Is 3843799 composite?
True
Is 21261337 composite?
False
Is 5335921 a composite number?
True
Is 152949173 composite?
True
Is 46137601 a composite number?
True
Is 33179563 a composite number?
True
Is 39216299 a composite number?
False
Is 39470513 prime?
True
Is 768127309 a composite number?
False
Is 7579205 composite?
True
Is 228256837 composite?
False
Is 2603879 a composite number?
False
Is 124402067 a composite number?
False
Is 58135589 composite?
False
Is 107518865 a composite number?
True
Is 10934951 a prime number?
False
Is 19607583 a prime number?
False
Is 9326677 a composite number?
False
Is 9263383 a prime number?
False
Is 398962787 a composite number?
False
Is 17832391 a composite number?
False
Is 32123887 prime?
False
Is 581809 prime?
True
Is 1037197 a prime number?
False
Is 8830243 a composite number?
False
Is 650348837 composite?
False
Is 983251 composite?
True
Is 11589383 a composite number?
True
Is 46057903 composite?
False
Is 6675173 a prime number?
False
Is 89042405 a prime number?
False
Is 53108443 prime?
True
Is 28395249 composite?
True
Is 1218617 a composite number?
False
Is 37667281 composite?
False
Is 287643481 prime?
True
Is 900001 a prime number?
True
Is 72244187 composite?
False
Is 350330197 composite?
True
Is 93756367 a composite number?
False
Is 152575253 prime?
True
Is 18741911 prime?
True
Is 2337389 a composite number?
False
Is 5133143 composite?
True
Is 939259 a prime number?
False
Is 169495063 prime?
True
Is 16669709 composite?
True
Is 40602593 a prime number?
True
Is 1467299 a prime number?
True
Is 99195079 prime?
True
Is 18960883 a composite number?
False
Is 1197181 prime?
True
Is 2976053 a composite number?
False
Is 70351 composite?
False
Is 3567335 prime?
False
Is 10396271 a composite number?
False
Is 2954927 composite?
False
Is 47220949 a composite number?
False
Is 144887447 a prime number?
Fals